et b(m) = -2*m - 11. Determine b(h).
-3
Let b(h) be the third derivative of -h**4/24 + 5*h**3/6 + 5*h**2 + 3. Let j = 54 + -35. Suppose -4*r = y - 27, -3*y = 4*r - j - 14. Determine b(r).
-1
Let d(b) = -2*b**2 + 22. Let q(m) = -180*m - 2164. Let k be q(-12). Give d(k).
-10
Let o(y) = -y**3 - 7*y**2 + 8*y + 4. Let m(v) = 2*v**2 + 2*v - 27. Let r be m(3). Let q be -44 + 40 + -1 + r. Give o(q).
4
Let s(h) = -h**3 + 32*h**2 + 70*h - 72. Suppose 68*w - 1749 = -819 + 1382. Calculate s(w).
-4
Let i(f) = 42*f**2 + 19*f + 48*f**2 - 21*f - 95*f**2 + 6. Calculate i(-3).
-33
Suppose 32 = -21*c + 13*c. Let v = -17 - -16. Let b be (c - -1 - 2)/v. Let w(u) = -u**2 + 4*u. Give w(b).
-5
Let q(j) = 13*j + 6*j**2 + j**2 - 5*j**2 - 90 + 110. Determine q(-4).
0
Let p(t) = -2*t. Let w(c) = -2*c**2 - 3*c - 13. Let u be w(-4). Let j = 37 + u. Suppose -8 = -4*a + j*o, 3*a - 5*a = 2*o - 12. What is p(a)?
-8
Let o(s) = -4*s - 2. Let t = 5452 - 5458. What is o(t)?
22
Let v be (48/(-9))/((-2)/3). Suppose -v = -2*i - 6. Let b(q) = q**2 - q + 1. Let a(j) = 3*j**2 + 8*j + 9. Let l(w) = i*a(w) - 2*b(w). Calculate l(-5).
-18
Let l(j) = 2*j**2 + 17*j + 1. Suppose 5*w - 15 = -z, 569*z - 568*z + w = -5. Calculate l(z).
31
Let r be 112/(-84) - 2/3. Let x(b) be the first derivative of 1/4*b**4 + b**3 + 3 + b**2 + 0*b. Calculate x(r).
0
Let x be ((-240)/(-36) - 5)/((-45)/(-162)). Let z(r) = -r**2 + 3*r + 11. What is z(x)?
-7
Let s(x) = 2*x**3 + 50*x**2 + 5*x - 2. Let y(p) = 3*p**3 + 80*p**2 + 8*p - 2. Let h(a) = -8*s(a) + 5*y(a). Determine h(3).
-21
Let x(y) = -16*y**3 - 36*y**2 + 4*y + 24. Let w(h) = -3*h**3 - 7*h**2 + h + 5. Let u(z) = -11*w(z) + 2*x(z). Let v = 67950 + -67955. Give u(v).
8
Let u(a) = 54*a - 4230 - 57*a + 4245. Give u(7).
-6
Let u(s) = -s**2 + 18*s + 9. Let x be 3/(-4)*((-58)/319 - 2226/99). Give u(x).
26
Let g(j) = -j**3 - 15*j**2 + 14*j - 38. Suppose -3*c - u - 38 = u, 4*c = 2*u - 74. Give g(c).
-6
Suppose -93*y + 89*y = -178*y - 696. Let r(w) = -2*w**2 - 5*w + 16. Give r(y).
4
Let p be (6/4)/((-6)/40). Let v(d) = -487*d + 15. Let x(h) = -1035*h + 30. Let j(z) = 17*v(z) - 8*x(z). Determine j(p).
5
Let t(x) be the second derivative of 1/12*x**4 + 2/3*x**3 - x**2 + 27*x + 0. Let z be (-5)/((-3)/(0 - 3)). Determine t(z).
3
Suppose 42 = -1824*f + 1803*f. Let w(s) = -s**3 + 3. What is w(f)?
11
Let v(j) = -5*j**2 + 8 - j - 2*j**2 + 0*j. Let h(l) = 8*l**2 + 2*l - 9. Let r = 8512 - 8505. Let i(f) = r*v(f) + 6*h(f). What is i(5)?
2
Suppose 8*m + 288 = 360. Suppose -4*o - 16 = 5*d, -9*o + m = -3*d - 12*o. Let c(w) = w**3 + 2*w**2 - 4*w - 6. Give c(d).
-22
Let s be 2/(-8) + 35/(-4). Let k(p) be the third derivative of 2/15*p**5 + 0 + 1/120*p**6 - 2*p**3 - 226*p**2 + 0*p - 11/24*p**4. What is k(s)?
6
Let c(q) = -q**2 - 4*q + 6. Let d = 146 + -239. Let k = d + 90. Let w be k/(-8) + (-51)/8. Determine c(w).
-6
Let n(g) be the second derivative of 53*g + 2 - 2*g**2 + 1/6*g**3. What is n(-4)?
-8
Let p(i) be the first derivative of i**3/3 - 14*i**2 + 88*i + 2632. What is p(4)?
-8
Let f be (-6)/(-7) + (-16)/56 + (-64)/14. Let x(a) be the first derivative of 2*a**3/3 - a**2/2 - 5*a - 5. Determine x(f).
31
Suppose -8*f = 2*f - 80. Suppose f = -16*h + 12*h. Let p be (7/28*h)/((-2)/(-24)). Let n(m) = -m**2 - 9*m - 4. Give n(p).
14
Suppose 118*w + 117 = 131*w. Suppose w*l + 84 = 3*l. Let s(i) = i**2 + 15*i + 21. Give s(l).
7
Let u(g) be the second derivative of -g**5/20 + 3*g**4/4 + g**3/2 - 27*g**2/2 + 57*g + 33. Calculate u(9).
0
Let b(h) be the third derivative of h**6/120 + 7*h**5/60 - 7*h**4/24 + 4*h**3/3 - 4*h**2. Suppose 267 = -4*g + 235. Give b(g).
0
Let p(y) = 5*y**2 - 42*y + 248. Let s(t) = -2*t**2 + 16*t - 82. Let o(a) = 3*p(a) + 8*s(a). Give o(-8).
8
Let k(s) = -31*s**2 + s - 1. Let i = 262 - 245. Suppose g + 11*t = 7*t + i, -5*g = -2*t + 3. Calculate k(g).
-31
Suppose -k - 11 = -3*a, -4*a = 4*k - 6*k - 10. Let j(b) = b**3 - 6*b**2 + 2*b - 11. Calculate j(a).
1
Let i(x) = -1 - 3*x + 2*x + 0*x. Suppose 26*z = 3816 - 3972. Determine i(z).
5
Let h(g) = 4 - g - 3 + 2 + 1705*g**3 - 1697*g**3 - 2. Give h(1).
8
Let d(p) = 2*p**2 + 11*p - 7. Let l = 2420 - 2426. Give d(l).
-1
Let r = -2800 + 2803. Let a(p) = -80*p + 228. Give a(r).
-12
Let c be (4 - 2) + (-6)/(-1). Let d(f) = 7 - 2 + 3 - 19 - 17*f + 8*f**2 - f**3 + 20*f. Determine d(c).
13
Let k(a) = -27*a - 200. Let v(f) = -8*f - 3. Let q(j) = -k(j) + 4*v(j). Calculate q(37).
3
Let q(x) = x + 7. Let r be q(5). Let i(w) = w**2 - 146 + 76 + 79 - r*w. Suppose 3*b = 5*s - 55, 6*s - 8*s + 2*b = -22. What is i(s)?
-2
Let q(r) = 5*r + 5*r - 2 + 19 - 34 + 0. Calculate q(2).
3
Suppose -21 = 3*j - 2*b, -5*j = -0*b + b + 22. Let m(r) = -9*r - 38. Let q be m(j). Let u(i) = 2*i - 3. Give u(q).
11
Let q(x) be the third derivative of x**5/30 - 17*x**4/24 - 2*x**3/3 - 602*x**2. Calculate q(9).
5
Let j = 55 - 49. Let r(y) = -y - 5*y + 2*y - j + y. Give r(-4).
6
Let i(a) = 31 - 71 + 20 - 2*a + 32. Let x be ((-168)/63)/((-2)/6). Determine i(x).
-4
Let s(d) = -37*d + 40. Let y be (2/1)/(278 - 277). Give s(y).
-34
Let m(h) be the second derivative of -h**5/60 + h**4/8 + h**3/6 + 26*h**2 + 56*h. Let u(l) be the first derivative of m(l). What is u(3)?
1
Suppose 19 = 4*a - p, -3*a + 4*p + 65 = 41. Let w(c) be the second derivative of 1/4*c**a + 7/6*c**3 + 0*c**2 + 0 - 1/20*c**5 + 29*c. What is w(5)?
-15
Let q(o) be the first derivative of -o**4/4 + 5*o**3/3 + 5*o**2/2 + 7*o - 1085. Let x = 8 + -2. Determine q(x).
1
Let w(f) = 911*f - 906*f + 4*f**2 + 3*f**2 - 13 - 6*f**2. Let h be (2/4)/(3 + (-111)/36). Give w(h).
-7
Let v = 10848 + -10854. Let i(m) = -m**3 - 9*m**2 - 21*m - 7. What is i(v)?
11
Let b(d) = 4*d**3 - 18*d**2 - 8*d - 15. Let t(a) = 3*a**3 - 16*a**2 - 5*a - 14. Let k(w) = 4*b(w) - 5*t(w). Calculate k(-9).
-8
Let a(b) = 2*b - 8. Suppose -8*y = 4*y + 6948. Let x = -572 - y. Calculate a(x).
6
Let u(a) = a**3 - 6*a**2 - a + 2. Let w be -1 + (5 - 9) + 2. Let n be (9 + -5)/(-4)*w. Let q be 1 - (-4 + n - 4). Give u(q).
-4
Let n be 10 - (2 + -16 - -30). Let f(o) = o**3 + 7*o**2 - 7*o - 13. Calculate f(n).
65
Suppose 3*j + 3*d - 21 = 0, -4*d - 152 + 120 = -2*j. Let x(v) = -v**2 + 4*v + 38. Calculate x(j).
-22
Let b(f) = -7*f**2 + f. Let g = 298 - 171. Let q = g + -128. What is b(q)?
-8
Suppose -16 = -11*r + 13*r. Let p(d) be the second derivative of 0 + 18*d - 6*d**2 - 1/20*d**5 - 3/4*d**4 - 11/6*d**3. Calculate p(r).
12
Let x(g) = g**2 + 6*g - 13. Let t(n) = 220*n - 1330. Let r be t(6). Give x(r).
27
Let n(y) = 3*y - 40. Suppose 11*j = -3*z + 8*j + 15, 2*j = 2*z - 6. Suppose z*g + 2*l = 54, 44 = -14*g + 18*g + 4*l. Determine n(g).
8
Suppose 11 = -5*b - 212*y + 210*y, 3*y = -4*b - 13. Let z(f) = -7*f**3 - 24 + 43 - 20 + 2*f**2 - 2*f**3. Calculate z(b).
10
Let s be 1 + 0/3 + -2. Let t(g) = -8*g**3 + 12*g**2 + g + 13. Let a(x) = -x**3 + 6*x**2 + 6. Let y(l) = -2*a(l) + t(l). Determine y(s).
6
Let c(o) = 37*o**3 + 7*o**2 - 21*o. Let w(y) = -11*y**3 - 2*y**2 + 6*y. Let d(s) = 3*c(s) + 10*w(s). Give d(-3).
-9
Suppose 157*m - 162*m + 185 = 0. Let j = -43 + m. Let n(c) = c + 6. Calculate n(j).
0
Let i(p) = -71*p - 48. Let t(b) = 85*b + 51. Let q(x) = -6*i(x) - 5*t(x). Calculate q(-14).
19
Let h(s) = -3*s - 19. Let d = 19847 + -19871. Determine h(d).
53
Let v(h) be the first derivative of -h**4/4 - 10*h**3/3 - 4*h**2 + 2*h + 7056. Calculate v(-1).
1
Let b(q) = q + 9. Suppose 40*h + 202*h = 968. Calculate b(h).
13
Suppose 12*c + 276 = -34*c. Let x(f) = -2*f**2 - 12*f + 12. Determine x(c).
12
Let t(w) = -w**3 + 6*w**2 + 3*w - 6. Let l = -26278 + 26285. Give t(l).
-34
Let i(j) be the second derivative of -j**3/6 + 6*j**2 + 1501*j. Calculate i(-6).
18
Let a(s) = s**2 - 4*s + 1. Suppose 4*g - 4*g - 2*g = 0. Suppose -39*l + 36*l - 27 = g. Let r be 2 + (-4)/(-10) - l/15. Calculate a(r).
-2
Let s be (2/3)/(40/60) - -279. Let d = 282 - s. Let m(p) = 2*p**3 - 2*p**2 - 2*p. Give m(d).
4
Let f(z) be the third derivative of 3*z**4/8 - 19*z**3/6 + 719*z**2. Calculate f(3).
8
Let m(f) be the third derivative of -f**6/120 + f**5/10 + f**4/12 + 2*f**3/3 - 810*f**2 - f - 6. Suppose -3*r + 4 = j - 10, r + 4*j = -10. Calculate m(r).
16
Suppose -25 = 4*x + 5*o, x - 4*o - 4 - 16 = 0. Let h(p) = 3*p + p**3 + 3 + 6 - 2*p. Calculate h(x).
9
Let f = 2324 - 2326. Let o(k) = 4*k**